{"id":16,"date":"2024-06-17T20:58:55","date_gmt":"2024-06-17T18:58:55","guid":{"rendered":"https:\/\/hosekra.com\/living\/?page_id=16"},"modified":"2025-11-27T18:48:34","modified_gmt":"2025-11-27T17:48:34","slug":"vikend-forest","status":"publish","type":"page","link":"https:\/\/hosekra.com\/modular\/modeli\/vikend-forest\/","title":{"rendered":"Vikend Forest"},"content":{"rendered":"<p class=\"lead text-uppercase\">Kjer se zdru\u017euje \u010dar narave in udobje doma!<\/p>\n<p>HHosekra Modular bivalni vikend Forest je zasnovan za popolno sprostitev in udobje v objemu narave. S svojim funkcionalnim in estetsko privla\u010dnim dizajnom vas bo popolnoma o\u010daral. Opremljen je z dvi\u017eno posteljo, ki se pretvori v udobno zofo, prostorno kopalnico in ve\u010djo kuhinjo, kjer lahko pripravljate okusne obroke sredi narave. Na eni steni vikenda najdete tapeto z motivom gozda, ki vam omogo\u010da, da se \u0161e bolj pove\u017eete z okoljem in se popolnoma prepustite naravnemu \u010daru.<\/p>\n<div class=\"play-container\"><img loading=\"lazy\" decoding=\"async\" src=\"https:\/\/hosekra.com\/modular\/wp-content\/uploads\/sites\/18\/Forest_Nocna_Svetloba.jpg\" alt=\"VikendFOREST\" width=\"1156\" height=\"530\" class=\"size-full wp-image-76\" srcset=\"https:\/\/hosekra.com\/modular\/wp-content\/uploads\/sites\/18\/Forest_Nocna_Svetloba.jpg 1156w, https:\/\/hosekra.com\/modular\/wp-content\/uploads\/sites\/18\/Forest_Nocna_Svetloba-548x251.jpg 548w, https:\/\/hosekra.com\/modular\/wp-content\/uploads\/sites\/18\/Forest_Nocna_Svetloba-1024x469.jpg 1024w, https:\/\/hosekra.com\/modular\/wp-content\/uploads\/sites\/18\/Forest_Nocna_Svetloba-768x352.jpg 768w\" sizes=\"auto, (max-width: 1156px) 100vw, 1156px\" \/><a class=\"btn-play btn-play-image\" title=\"Vikend Forest\" href=\"https:\/\/www.youtube.com\/watch?v=5Q11iaVFTq8\">Oglejte si video<\/a><\/div>\n<div class=\"wrapper-general\">\n<a href=\"https:\/\/hosekra.com\/modular\/wp-content\/uploads\/sites\/18\/vikend_Forest_modular.pdf\">Katalog vikend Forest (.pdf)<\/a>\n<\/div>\n<p>Hosekra Modular bivalni vikend Forest je va\u0161a prilo\u017enost za pobeg iz vsakdanjega \u017eivljenja v popolno sprostitev v objemu narave. Z na\u0161im vikendom boste odkrili novo dimenzijo pre\u017eivljanja prostega \u010dasa v naravi, kjer se udobje in naravna lepota zdru\u017eita v popolno harmonijo.<\/p>\n<p>S svojo tapeto z motivom gozda, bivalni vikend Forest vna\u0161a naravno lepoto v va\u0161 prostor. Rustikalni elementi v notranjosti, kot je leseno pohi\u0161tvo in naravni dodatki, dopolnjujejo celotno izku\u0161njo, medtem ko prostorna kopalnica in ve\u010dja kuhinja zagotavljata udobje in prakti\u010dnost. Tukaj se lahko sprostite ob zvokih gozda in u\u017eivate v vsakem trenutku, ki ga pre\u017eivite v naravi.<\/p>\n<h2>Prostorska zasnova<\/h2>\n<div class=\"row\"><div class=\"col-sm-6\">\n<h3 class=\"subtitle\">Zunanjost<\/h3>\n<p><a href=\"https:\/\/hosekra.com\/modular\/wp-content\/uploads\/sites\/18\/ForestVikend-Zunanjost-1.jpg\" data-rel=\"lightbox-image-0\" data-rl_title=\"Forest Zunanjost\" data-rl_caption=\"\" title=\"Forest Zunanjost\"><img loading=\"lazy\" decoding=\"async\" src=\"https:\/\/hosekra.com\/modular\/wp-content\/uploads\/sites\/18\/ForestVikend-Zunanjost-1.jpg\" alt=\"Forest Zunanjost\" width=\"1600\" height=\"900\" class=\"alignnone size-full wp-image-217\" srcset=\"https:\/\/hosekra.com\/modular\/wp-content\/uploads\/sites\/18\/ForestVikend-Zunanjost-1.jpg 1600w, https:\/\/hosekra.com\/modular\/wp-content\/uploads\/sites\/18\/ForestVikend-Zunanjost-1-548x308.jpg 548w, https:\/\/hosekra.com\/modular\/wp-content\/uploads\/sites\/18\/ForestVikend-Zunanjost-1-1024x576.jpg 1024w, https:\/\/hosekra.com\/modular\/wp-content\/uploads\/sites\/18\/ForestVikend-Zunanjost-1-768x432.jpg 768w, https:\/\/hosekra.com\/modular\/wp-content\/uploads\/sites\/18\/ForestVikend-Zunanjost-1-1536x864.jpg 1536w\" sizes=\"auto, (max-width: 1600px) 100vw, 1600px\" \/><\/a><br \/>\n<\/div><div class=\"col-sm-6\"><\/p>\n<h3 class=\"subtitle\">Stranski Pogled<\/h3>\n<p><a href=\"https:\/\/hosekra.com\/modular\/wp-content\/uploads\/sites\/18\/Forest-Stranski-Prikaz-3.jpg\" data-rel=\"lightbox-image-1\" data-rl_title=\"Forest Stranski Prikaz\" data-rl_caption=\"\" title=\"Forest Stranski Prikaz\"><img loading=\"lazy\" decoding=\"async\" src=\"https:\/\/hosekra.com\/modular\/wp-content\/uploads\/sites\/18\/Forest-Stranski-Prikaz-3.jpg\" alt=\"Forest Stranski Prikaz\" width=\"1600\" height=\"900\" class=\"alignnone size-full wp-image-176\" srcset=\"https:\/\/hosekra.com\/modular\/wp-content\/uploads\/sites\/18\/Forest-Stranski-Prikaz-3.jpg 1600w, https:\/\/hosekra.com\/modular\/wp-content\/uploads\/sites\/18\/Forest-Stranski-Prikaz-3-548x308.jpg 548w, https:\/\/hosekra.com\/modular\/wp-content\/uploads\/sites\/18\/Forest-Stranski-Prikaz-3-1024x576.jpg 1024w, https:\/\/hosekra.com\/modular\/wp-content\/uploads\/sites\/18\/Forest-Stranski-Prikaz-3-768x432.jpg 768w, https:\/\/hosekra.com\/modular\/wp-content\/uploads\/sites\/18\/Forest-Stranski-Prikaz-3-1536x864.jpg 1536w\" sizes=\"auto, (max-width: 1600px) 100vw, 1600px\" \/><\/a><br \/>\n<\/div><\/div><\/p>\n<h2>Galerija<\/h2>\nngg_shortcode_0_placeholder\n","protected":false},"excerpt":{"rendered":"<p>Kjer se zdru\u017euje \u010dar narave in udobje doma! HHosekra Modular bivalni vikend Forest je zasnovan za popolno sprostitev in udobje v objemu narave. S svojim funkcionalnim in estetsko privla\u010dnim dizajnom vas bo popolnoma o\u010daral. Opremljen je z dvi\u017eno posteljo, ki se pretvori v udobno zofo, prostorno kopalnico in ve\u010djo kuhinjo, kjer lahko pripravljate okusne obroke [&hellip;]<\/p>\n","protected":false},"author":1,"featured_media":0,"parent":12,"menu_order":22,"comment_status":"closed","ping_status":"closed","template":"produkti.php","meta":{"ngg_post_thumbnail":0,"footnotes":""},"class_list":["post-16","page","type-page","status-publish","hentry"],"yoast_head":"<!-- This site is optimized with the Yoast SEO plugin v27.4 - https:\/\/yoast.com\/product\/yoast-seo-wordpress\/ -->\n<title>Vikend Forest - Hosekra Modular<\/title>\n<meta name=\"robots\" content=\"index, follow, max-snippet:-1, max-image-preview:large, max-video-preview:-1\" \/>\n<link rel=\"canonical\" href=\"https:\/\/hosekra.com\/modular\/modeli\/vikend-forest\/\" \/>\n<meta property=\"og:locale\" content=\"sl_SI\" \/>\n<meta property=\"og:type\" content=\"article\" \/>\n<meta property=\"og:title\" content=\"Vikend Forest - Hosekra Modular\" \/>\n<meta property=\"og:description\" content=\"Kjer se zdru\u017euje \u010dar narave in udobje doma! HHosekra Modular bivalni vikend Forest je zasnovan za popolno sprostitev in udobje v objemu narave. S svojim funkcionalnim in estetsko privla\u010dnim dizajnom vas bo popolnoma o\u010daral. Opremljen je z dvi\u017eno posteljo, ki se pretvori v udobno zofo, prostorno kopalnico in ve\u010djo kuhinjo, kjer lahko pripravljate okusne obroke [&hellip;]\" \/>\n<meta property=\"og:url\" content=\"https:\/\/hosekra.com\/modular\/modeli\/vikend-forest\/\" \/>\n<meta property=\"og:site_name\" content=\"Hosekra Modular\" \/>\n<meta property=\"article:modified_time\" content=\"2025-11-27T17:48:34+00:00\" \/>\n<meta property=\"og:image\" content=\"https:\/\/hosekra.com\/modular\/wp-content\/uploads\/sites\/18\/Forest_Nocna_Svetloba.jpg\" \/>\n\t<meta property=\"og:image:width\" content=\"1156\" \/>\n\t<meta property=\"og:image:height\" content=\"530\" \/>\n\t<meta property=\"og:image:type\" content=\"image\/jpeg\" \/>\n<meta name=\"twitter:card\" content=\"summary_large_image\" \/>\n<meta name=\"twitter:label1\" content=\"Est. reading time\" \/>\n\t<meta name=\"twitter:data1\" content=\"1 minuta\" \/>\n<script type=\"application\/ld+json\" class=\"yoast-schema-graph\">{\"@context\":\"https:\\\/\\\/schema.org\",\"@graph\":[{\"@type\":\"WebPage\",\"@id\":\"https:\\\/\\\/hosekra.com\\\/modular\\\/modeli\\\/vikend-forest\\\/\",\"url\":\"https:\\\/\\\/hosekra.com\\\/modular\\\/modeli\\\/vikend-forest\\\/\",\"name\":\"Vikend Forest - Hosekra Modular\",\"isPartOf\":{\"@id\":\"https:\\\/\\\/hosekra.com\\\/modular\\\/#website\"},\"primaryImageOfPage\":{\"@id\":\"https:\\\/\\\/hosekra.com\\\/modular\\\/modeli\\\/vikend-forest\\\/#primaryimage\"},\"image\":{\"@id\":\"https:\\\/\\\/hosekra.com\\\/modular\\\/modeli\\\/vikend-forest\\\/#primaryimage\"},\"thumbnailUrl\":\"https:\\\/\\\/hosekra.com\\\/modular\\\/wp-content\\\/uploads\\\/sites\\\/18\\\/Forest_Nocna_Svetloba.jpg\",\"datePublished\":\"2024-06-17T18:58:55+00:00\",\"dateModified\":\"2025-11-27T17:48:34+00:00\",\"breadcrumb\":{\"@id\":\"https:\\\/\\\/hosekra.com\\\/modular\\\/modeli\\\/vikend-forest\\\/#breadcrumb\"},\"inLanguage\":\"sl-SI\",\"potentialAction\":[{\"@type\":\"ReadAction\",\"target\":[\"https:\\\/\\\/hosekra.com\\\/modular\\\/modeli\\\/vikend-forest\\\/\"]}]},{\"@type\":\"ImageObject\",\"inLanguage\":\"sl-SI\",\"@id\":\"https:\\\/\\\/hosekra.com\\\/modular\\\/modeli\\\/vikend-forest\\\/#primaryimage\",\"url\":\"https:\\\/\\\/hosekra.com\\\/modular\\\/wp-content\\\/uploads\\\/sites\\\/18\\\/Forest_Nocna_Svetloba.jpg\",\"contentUrl\":\"https:\\\/\\\/hosekra.com\\\/modular\\\/wp-content\\\/uploads\\\/sites\\\/18\\\/Forest_Nocna_Svetloba.jpg\",\"width\":1156,\"height\":530,\"caption\":\"VikendFOREST\"},{\"@type\":\"BreadcrumbList\",\"@id\":\"https:\\\/\\\/hosekra.com\\\/modular\\\/modeli\\\/vikend-forest\\\/#breadcrumb\",\"itemListElement\":[{\"@type\":\"ListItem\",\"position\":1,\"name\":\"Home\",\"item\":\"https:\\\/\\\/hosekra.com\\\/modular\\\/\"},{\"@type\":\"ListItem\",\"position\":2,\"name\":\"Modeli\",\"item\":\"https:\\\/\\\/hosekra.com\\\/modular\\\/modeli\\\/\"},{\"@type\":\"ListItem\",\"position\":3,\"name\":\"Vikend Forest\"}]},{\"@type\":\"WebSite\",\"@id\":\"https:\\\/\\\/hosekra.com\\\/modular\\\/#website\",\"url\":\"https:\\\/\\\/hosekra.com\\\/modular\\\/\",\"name\":\"Hosekra Modular\",\"description\":\"Prihodnost Bivanja\",\"potentialAction\":[{\"@type\":\"SearchAction\",\"target\":{\"@type\":\"EntryPoint\",\"urlTemplate\":\"https:\\\/\\\/hosekra.com\\\/modular\\\/?s={search_term_string}\"},\"query-input\":{\"@type\":\"PropertyValueSpecification\",\"valueRequired\":true,\"valueName\":\"search_term_string\"}}],\"inLanguage\":\"sl-SI\"}]}<\/script>\n<!-- \/ Yoast SEO plugin. -->","yoast_head_json":{"title":"Vikend Forest - Hosekra Modular","robots":{"index":"index","follow":"follow","max-snippet":"max-snippet:-1","max-image-preview":"max-image-preview:large","max-video-preview":"max-video-preview:-1"},"canonical":"https:\/\/hosekra.com\/modular\/modeli\/vikend-forest\/","og_locale":"sl_SI","og_type":"article","og_title":"Vikend Forest - Hosekra Modular","og_description":"Kjer se zdru\u017euje \u010dar narave in udobje doma! HHosekra Modular bivalni vikend Forest je zasnovan za popolno sprostitev in udobje v objemu narave. S svojim funkcionalnim in estetsko privla\u010dnim dizajnom vas bo popolnoma o\u010daral. Opremljen je z dvi\u017eno posteljo, ki se pretvori v udobno zofo, prostorno kopalnico in ve\u010djo kuhinjo, kjer lahko pripravljate okusne obroke [&hellip;]","og_url":"https:\/\/hosekra.com\/modular\/modeli\/vikend-forest\/","og_site_name":"Hosekra Modular","article_modified_time":"2025-11-27T17:48:34+00:00","og_image":[{"width":1156,"height":530,"url":"https:\/\/hosekra.com\/modular\/wp-content\/uploads\/sites\/18\/Forest_Nocna_Svetloba.jpg","type":"image\/jpeg"}],"twitter_card":"summary_large_image","twitter_misc":{"Est. reading time":"1 minuta"},"schema":{"@context":"https:\/\/schema.org","@graph":[{"@type":"WebPage","@id":"https:\/\/hosekra.com\/modular\/modeli\/vikend-forest\/","url":"https:\/\/hosekra.com\/modular\/modeli\/vikend-forest\/","name":"Vikend Forest - Hosekra Modular","isPartOf":{"@id":"https:\/\/hosekra.com\/modular\/#website"},"primaryImageOfPage":{"@id":"https:\/\/hosekra.com\/modular\/modeli\/vikend-forest\/#primaryimage"},"image":{"@id":"https:\/\/hosekra.com\/modular\/modeli\/vikend-forest\/#primaryimage"},"thumbnailUrl":"https:\/\/hosekra.com\/modular\/wp-content\/uploads\/sites\/18\/Forest_Nocna_Svetloba.jpg","datePublished":"2024-06-17T18:58:55+00:00","dateModified":"2025-11-27T17:48:34+00:00","breadcrumb":{"@id":"https:\/\/hosekra.com\/modular\/modeli\/vikend-forest\/#breadcrumb"},"inLanguage":"sl-SI","potentialAction":[{"@type":"ReadAction","target":["https:\/\/hosekra.com\/modular\/modeli\/vikend-forest\/"]}]},{"@type":"ImageObject","inLanguage":"sl-SI","@id":"https:\/\/hosekra.com\/modular\/modeli\/vikend-forest\/#primaryimage","url":"https:\/\/hosekra.com\/modular\/wp-content\/uploads\/sites\/18\/Forest_Nocna_Svetloba.jpg","contentUrl":"https:\/\/hosekra.com\/modular\/wp-content\/uploads\/sites\/18\/Forest_Nocna_Svetloba.jpg","width":1156,"height":530,"caption":"VikendFOREST"},{"@type":"BreadcrumbList","@id":"https:\/\/hosekra.com\/modular\/modeli\/vikend-forest\/#breadcrumb","itemListElement":[{"@type":"ListItem","position":1,"name":"Home","item":"https:\/\/hosekra.com\/modular\/"},{"@type":"ListItem","position":2,"name":"Modeli","item":"https:\/\/hosekra.com\/modular\/modeli\/"},{"@type":"ListItem","position":3,"name":"Vikend Forest"}]},{"@type":"WebSite","@id":"https:\/\/hosekra.com\/modular\/#website","url":"https:\/\/hosekra.com\/modular\/","name":"Hosekra Modular","description":"Prihodnost Bivanja","potentialAction":[{"@type":"SearchAction","target":{"@type":"EntryPoint","urlTemplate":"https:\/\/hosekra.com\/modular\/?s={search_term_string}"},"query-input":{"@type":"PropertyValueSpecification","valueRequired":true,"valueName":"search_term_string"}}],"inLanguage":"sl-SI"}]}},"_links":{"self":[{"href":"https:\/\/hosekra.com\/modular\/wp-json\/wp\/v2\/pages\/16","targetHints":{"allow":["GET"]}}],"collection":[{"href":"https:\/\/hosekra.com\/modular\/wp-json\/wp\/v2\/pages"}],"about":[{"href":"https:\/\/hosekra.com\/modular\/wp-json\/wp\/v2\/types\/page"}],"author":[{"embeddable":true,"href":"https:\/\/hosekra.com\/modular\/wp-json\/wp\/v2\/users\/1"}],"replies":[{"embeddable":true,"href":"https:\/\/hosekra.com\/modular\/wp-json\/wp\/v2\/comments?post=16"}],"version-history":[{"count":9,"href":"https:\/\/hosekra.com\/modular\/wp-json\/wp\/v2\/pages\/16\/revisions"}],"predecessor-version":[{"id":653,"href":"https:\/\/hosekra.com\/modular\/wp-json\/wp\/v2\/pages\/16\/revisions\/653"}],"up":[{"embeddable":true,"href":"https:\/\/hosekra.com\/modular\/wp-json\/wp\/v2\/pages\/12"}],"wp:attachment":[{"href":"https:\/\/hosekra.com\/modular\/wp-json\/wp\/v2\/media?parent=16"}],"curies":[{"name":"wp","href":"https:\/\/api.w.org\/{rel}","templated":true}]}}