{"id":30,"date":"2024-06-17T21:01:46","date_gmt":"2024-06-17T19:01:46","guid":{"rendered":"https:\/\/hosekra.com\/living\/?page_id=30"},"modified":"2025-11-27T18:45:11","modified_gmt":"2025-11-27T17:45:11","slug":"wellness-zen-garden","status":"publish","type":"page","link":"https:\/\/hosekra.com\/modular\/modeli\/wellness-zen-garden\/","title":{"rendered":"Wellness Zen garden"},"content":{"rendered":"<p class=\"lead text-uppercase\">Osebni raj za jogo.<\/p>\n<p>Predstavljamo vam prvi produkt iz na\u0161e nove linije &#8211; Hosekra Modular Wellness Zen Garden. Ta joga studio je ustvarjen za popolno sprostitev in povezovanje z naravo. Z pastelno obarvanimi stenami in prevladujo\u010do zeleno barvo, skupaj z visokokakovostnimi pripomo\u010dki za jogo in meditacijo, vam Zen Garden prina\u0161a oazo miru in harmonije. Ostanite z nami za ve\u010d informacij in se pridru\u017eite na\u0161i poti k notranjemu miru.<\/p>\n<div class=\"play-container\"><img loading=\"lazy\" decoding=\"async\" src=\"https:\/\/hosekra.com\/modular\/wp-content\/uploads\/sites\/18\/Zen_Garden_Yoga_Studio.jpg\" alt=\"Wellness Zen garden\" width=\"1156\" height=\"530\" class=\"size-full wp-image-78\" srcset=\"https:\/\/hosekra.com\/modular\/wp-content\/uploads\/sites\/18\/Zen_Garden_Yoga_Studio.jpg 1156w, https:\/\/hosekra.com\/modular\/wp-content\/uploads\/sites\/18\/Zen_Garden_Yoga_Studio-548x251.jpg 548w, https:\/\/hosekra.com\/modular\/wp-content\/uploads\/sites\/18\/Zen_Garden_Yoga_Studio-1024x469.jpg 1024w, https:\/\/hosekra.com\/modular\/wp-content\/uploads\/sites\/18\/Zen_Garden_Yoga_Studio-768x352.jpg 768w\" sizes=\"auto, (max-width: 1156px) 100vw, 1156px\" \/><a class=\"btn-play btn-play-image\" title=\"Wellness Zen garden\" href=\"https:\/\/www.youtube.com\/watch?v=-mvcehWv58o\">Oglejte si video<\/a><\/div>\n<div class=\"wrapper-general\">\n<a href=\"https:\/\/hosekra.com\/modular\/wp-content\/uploads\/sites\/18\/wellnes_Zen_garden_modular.pdf\">Katalog wellness Zen Garden (.pdf)<\/a>\n<\/div>\n<p>Hosekra Modular Wellness Zen Garden je zasnovan z mislijo na popolno harmonijo med telesom in umom. Na\u0161 studio je obarvan v pomirjujo\u010de pastelne barve, z zeleno kot prevladujo\u010do barvo, ki simbolizira naravno ravnovesje in sve\u017eino. Studio je opremljen z vsemi potrebnimi pripomo\u010dki za izvajanje joge, meditacije in spro\u0161\u010danja, kar omogo\u010da ustvarjanje mirnega in spro\u0161\u010denega vzdu\u0161ja. Primeren je za izvajanje joge za ve\u010d oseb, kar omogo\u010da skupinsko vadbo in povezovanje z drugimi.<\/p>\n<p>Hosekra Modular Wellness Zen Garden je opremljen z visokokakovostnimi pripomo\u010dki za jogo, meditacijo in spro\u0161\u010danje. Od jogijskih blazin, blokov in pasov do meditacijskih blazin in aromaterapevtskih dodatkov &#8211; vse je skrbno izbrano za maksimalno udobje in podporo med va\u0161o vadbo. Notranjost studia je zasnovana z uporabo pomirjujo\u010dih pastelnih barv, ki ustvarjajo ob\u010dutek miru in sprostitve, medtem ko zelena barva prina\u0161a ob\u010dutek naravne sve\u017eine in ravnovesja.<\/p>\n<h2>Prostorska zasnova<\/h2>\n<div class=\"row\"><div class=\"col-sm-6\">\n<h3 class=\"subtitle\">Zunanjost<\/h3>\n<p><a href=\"https:\/\/hosekra.com\/modular\/wp-content\/uploads\/sites\/18\/ZenGarden-Zunanjost-1.jpg\" data-rel=\"lightbox-image-0\" data-rl_title=\"Zen Garden Zunanjost\" data-rl_caption=\"\" title=\"Zen Garden Zunanjost\"><img loading=\"lazy\" decoding=\"async\" src=\"https:\/\/hosekra.com\/modular\/wp-content\/uploads\/sites\/18\/ZenGarden-Zunanjost-1.jpg\" alt=\"Zen Garden Zunanjost\" width=\"1600\" height=\"1200\" class=\"alignnone size-full wp-image-380\" srcset=\"https:\/\/hosekra.com\/modular\/wp-content\/uploads\/sites\/18\/ZenGarden-Zunanjost-1.jpg 1600w, https:\/\/hosekra.com\/modular\/wp-content\/uploads\/sites\/18\/ZenGarden-Zunanjost-1-548x411.jpg 548w, https:\/\/hosekra.com\/modular\/wp-content\/uploads\/sites\/18\/ZenGarden-Zunanjost-1-1024x768.jpg 1024w, https:\/\/hosekra.com\/modular\/wp-content\/uploads\/sites\/18\/ZenGarden-Zunanjost-1-768x576.jpg 768w, https:\/\/hosekra.com\/modular\/wp-content\/uploads\/sites\/18\/ZenGarden-Zunanjost-1-1536x1152.jpg 1536w\" sizes=\"auto, (max-width: 1600px) 100vw, 1600px\" \/><\/a><br \/>\n<\/div><div class=\"col-sm-6\"><\/p>\n<h3 class=\"subtitle\">Stranski Pogled<\/h3>\n<p><a href=\"https:\/\/hosekra.com\/modular\/wp-content\/uploads\/sites\/18\/Zen-Garden-3D-Pogled.jpg\" data-rel=\"lightbox-image-1\" data-rl_title=\"Zen Garden 3D Pogled\" data-rl_caption=\"\" title=\"Zen Garden 3D Pogled\"><img loading=\"lazy\" decoding=\"async\" src=\"https:\/\/hosekra.com\/modular\/wp-content\/uploads\/sites\/18\/Zen-Garden-3D-Pogled.jpg\" alt=\"Zen Garden 3D Pogled\" width=\"1600\" height=\"1200\" class=\"alignnone size-full wp-image-381\" srcset=\"https:\/\/hosekra.com\/modular\/wp-content\/uploads\/sites\/18\/Zen-Garden-3D-Pogled.jpg 1600w, https:\/\/hosekra.com\/modular\/wp-content\/uploads\/sites\/18\/Zen-Garden-3D-Pogled-548x411.jpg 548w, https:\/\/hosekra.com\/modular\/wp-content\/uploads\/sites\/18\/Zen-Garden-3D-Pogled-1024x768.jpg 1024w, https:\/\/hosekra.com\/modular\/wp-content\/uploads\/sites\/18\/Zen-Garden-3D-Pogled-768x576.jpg 768w, https:\/\/hosekra.com\/modular\/wp-content\/uploads\/sites\/18\/Zen-Garden-3D-Pogled-1536x1152.jpg 1536w\" sizes=\"auto, (max-width: 1600px) 100vw, 1600px\" \/><\/a><br \/>\n<\/div><\/div><\/p>\n<h2>Galerija<\/h2>\nngg_shortcode_0_placeholder\n","protected":false},"excerpt":{"rendered":"<p>Osebni raj za jogo. Predstavljamo vam prvi produkt iz na\u0161e nove linije &#8211; Hosekra Modular Wellness Zen Garden. Ta joga studio je ustvarjen za popolno sprostitev in povezovanje z naravo. Z pastelno obarvanimi stenami in prevladujo\u010do zeleno barvo, skupaj z visokokakovostnimi pripomo\u010dki za jogo in meditacijo, vam Zen Garden prina\u0161a oazo miru in harmonije. Ostanite [&hellip;]<\/p>\n","protected":false},"author":1,"featured_media":0,"parent":12,"menu_order":30,"comment_status":"closed","ping_status":"closed","template":"produkti.php","meta":{"ngg_post_thumbnail":0,"footnotes":""},"class_list":["post-30","page","type-page","status-publish","hentry"],"yoast_head":"<!-- This site is optimized with the Yoast SEO plugin v27.4 - https:\/\/yoast.com\/product\/yoast-seo-wordpress\/ -->\n<title>Wellness Zen garden - Hosekra Modular<\/title>\n<meta name=\"robots\" content=\"index, follow, max-snippet:-1, max-image-preview:large, max-video-preview:-1\" \/>\n<link rel=\"canonical\" href=\"https:\/\/hosekra.com\/modular\/modeli\/wellness-zen-garden\/\" \/>\n<meta property=\"og:locale\" content=\"sl_SI\" \/>\n<meta property=\"og:type\" content=\"article\" \/>\n<meta property=\"og:title\" content=\"Wellness Zen garden - Hosekra Modular\" \/>\n<meta property=\"og:description\" content=\"Osebni raj za jogo. Predstavljamo vam prvi produkt iz na\u0161e nove linije &#8211; Hosekra Modular Wellness Zen Garden. Ta joga studio je ustvarjen za popolno sprostitev in povezovanje z naravo. Z pastelno obarvanimi stenami in prevladujo\u010do zeleno barvo, skupaj z visokokakovostnimi pripomo\u010dki za jogo in meditacijo, vam Zen Garden prina\u0161a oazo miru in harmonije. Ostanite [&hellip;]\" \/>\n<meta property=\"og:url\" content=\"https:\/\/hosekra.com\/modular\/modeli\/wellness-zen-garden\/\" \/>\n<meta property=\"og:site_name\" content=\"Hosekra Modular\" \/>\n<meta property=\"article:modified_time\" content=\"2025-11-27T17:45:11+00:00\" \/>\n<meta property=\"og:image\" content=\"https:\/\/hosekra.com\/modular\/wp-content\/uploads\/sites\/18\/Zen_Garden_Yoga_Studio.jpg\" \/>\n\t<meta property=\"og:image:width\" content=\"1156\" \/>\n\t<meta property=\"og:image:height\" content=\"530\" \/>\n\t<meta property=\"og:image:type\" content=\"image\/jpeg\" \/>\n<meta name=\"twitter:card\" content=\"summary_large_image\" \/>\n<meta name=\"twitter:label1\" content=\"Est. reading time\" \/>\n\t<meta name=\"twitter:data1\" content=\"1 minuta\" \/>\n<script type=\"application\/ld+json\" class=\"yoast-schema-graph\">{\"@context\":\"https:\\\/\\\/schema.org\",\"@graph\":[{\"@type\":\"WebPage\",\"@id\":\"https:\\\/\\\/hosekra.com\\\/modular\\\/modeli\\\/wellness-zen-garden\\\/\",\"url\":\"https:\\\/\\\/hosekra.com\\\/modular\\\/modeli\\\/wellness-zen-garden\\\/\",\"name\":\"Wellness Zen garden - Hosekra Modular\",\"isPartOf\":{\"@id\":\"https:\\\/\\\/hosekra.com\\\/modular\\\/#website\"},\"primaryImageOfPage\":{\"@id\":\"https:\\\/\\\/hosekra.com\\\/modular\\\/modeli\\\/wellness-zen-garden\\\/#primaryimage\"},\"image\":{\"@id\":\"https:\\\/\\\/hosekra.com\\\/modular\\\/modeli\\\/wellness-zen-garden\\\/#primaryimage\"},\"thumbnailUrl\":\"https:\\\/\\\/hosekra.com\\\/modular\\\/wp-content\\\/uploads\\\/sites\\\/18\\\/Zen_Garden_Yoga_Studio.jpg\",\"datePublished\":\"2024-06-17T19:01:46+00:00\",\"dateModified\":\"2025-11-27T17:45:11+00:00\",\"breadcrumb\":{\"@id\":\"https:\\\/\\\/hosekra.com\\\/modular\\\/modeli\\\/wellness-zen-garden\\\/#breadcrumb\"},\"inLanguage\":\"sl-SI\",\"potentialAction\":[{\"@type\":\"ReadAction\",\"target\":[\"https:\\\/\\\/hosekra.com\\\/modular\\\/modeli\\\/wellness-zen-garden\\\/\"]}]},{\"@type\":\"ImageObject\",\"inLanguage\":\"sl-SI\",\"@id\":\"https:\\\/\\\/hosekra.com\\\/modular\\\/modeli\\\/wellness-zen-garden\\\/#primaryimage\",\"url\":\"https:\\\/\\\/hosekra.com\\\/modular\\\/wp-content\\\/uploads\\\/sites\\\/18\\\/Zen_Garden_Yoga_Studio.jpg\",\"contentUrl\":\"https:\\\/\\\/hosekra.com\\\/modular\\\/wp-content\\\/uploads\\\/sites\\\/18\\\/Zen_Garden_Yoga_Studio.jpg\",\"width\":1156,\"height\":530,\"caption\":\"WellnessZENGARDEN\"},{\"@type\":\"BreadcrumbList\",\"@id\":\"https:\\\/\\\/hosekra.com\\\/modular\\\/modeli\\\/wellness-zen-garden\\\/#breadcrumb\",\"itemListElement\":[{\"@type\":\"ListItem\",\"position\":1,\"name\":\"Home\",\"item\":\"https:\\\/\\\/hosekra.com\\\/modular\\\/\"},{\"@type\":\"ListItem\",\"position\":2,\"name\":\"Modeli\",\"item\":\"https:\\\/\\\/hosekra.com\\\/modular\\\/modeli\\\/\"},{\"@type\":\"ListItem\",\"position\":3,\"name\":\"Wellness Zen garden\"}]},{\"@type\":\"WebSite\",\"@id\":\"https:\\\/\\\/hosekra.com\\\/modular\\\/#website\",\"url\":\"https:\\\/\\\/hosekra.com\\\/modular\\\/\",\"name\":\"Hosekra Modular\",\"description\":\"Prihodnost Bivanja\",\"potentialAction\":[{\"@type\":\"SearchAction\",\"target\":{\"@type\":\"EntryPoint\",\"urlTemplate\":\"https:\\\/\\\/hosekra.com\\\/modular\\\/?s={search_term_string}\"},\"query-input\":{\"@type\":\"PropertyValueSpecification\",\"valueRequired\":true,\"valueName\":\"search_term_string\"}}],\"inLanguage\":\"sl-SI\"}]}<\/script>\n<!-- \/ Yoast SEO plugin. -->","yoast_head_json":{"title":"Wellness Zen garden - Hosekra Modular","robots":{"index":"index","follow":"follow","max-snippet":"max-snippet:-1","max-image-preview":"max-image-preview:large","max-video-preview":"max-video-preview:-1"},"canonical":"https:\/\/hosekra.com\/modular\/modeli\/wellness-zen-garden\/","og_locale":"sl_SI","og_type":"article","og_title":"Wellness Zen garden - Hosekra Modular","og_description":"Osebni raj za jogo. Predstavljamo vam prvi produkt iz na\u0161e nove linije &#8211; Hosekra Modular Wellness Zen Garden. Ta joga studio je ustvarjen za popolno sprostitev in povezovanje z naravo. Z pastelno obarvanimi stenami in prevladujo\u010do zeleno barvo, skupaj z visokokakovostnimi pripomo\u010dki za jogo in meditacijo, vam Zen Garden prina\u0161a oazo miru in harmonije. Ostanite [&hellip;]","og_url":"https:\/\/hosekra.com\/modular\/modeli\/wellness-zen-garden\/","og_site_name":"Hosekra Modular","article_modified_time":"2025-11-27T17:45:11+00:00","og_image":[{"width":1156,"height":530,"url":"https:\/\/hosekra.com\/modular\/wp-content\/uploads\/sites\/18\/Zen_Garden_Yoga_Studio.jpg","type":"image\/jpeg"}],"twitter_card":"summary_large_image","twitter_misc":{"Est. reading time":"1 minuta"},"schema":{"@context":"https:\/\/schema.org","@graph":[{"@type":"WebPage","@id":"https:\/\/hosekra.com\/modular\/modeli\/wellness-zen-garden\/","url":"https:\/\/hosekra.com\/modular\/modeli\/wellness-zen-garden\/","name":"Wellness Zen garden - Hosekra Modular","isPartOf":{"@id":"https:\/\/hosekra.com\/modular\/#website"},"primaryImageOfPage":{"@id":"https:\/\/hosekra.com\/modular\/modeli\/wellness-zen-garden\/#primaryimage"},"image":{"@id":"https:\/\/hosekra.com\/modular\/modeli\/wellness-zen-garden\/#primaryimage"},"thumbnailUrl":"https:\/\/hosekra.com\/modular\/wp-content\/uploads\/sites\/18\/Zen_Garden_Yoga_Studio.jpg","datePublished":"2024-06-17T19:01:46+00:00","dateModified":"2025-11-27T17:45:11+00:00","breadcrumb":{"@id":"https:\/\/hosekra.com\/modular\/modeli\/wellness-zen-garden\/#breadcrumb"},"inLanguage":"sl-SI","potentialAction":[{"@type":"ReadAction","target":["https:\/\/hosekra.com\/modular\/modeli\/wellness-zen-garden\/"]}]},{"@type":"ImageObject","inLanguage":"sl-SI","@id":"https:\/\/hosekra.com\/modular\/modeli\/wellness-zen-garden\/#primaryimage","url":"https:\/\/hosekra.com\/modular\/wp-content\/uploads\/sites\/18\/Zen_Garden_Yoga_Studio.jpg","contentUrl":"https:\/\/hosekra.com\/modular\/wp-content\/uploads\/sites\/18\/Zen_Garden_Yoga_Studio.jpg","width":1156,"height":530,"caption":"WellnessZENGARDEN"},{"@type":"BreadcrumbList","@id":"https:\/\/hosekra.com\/modular\/modeli\/wellness-zen-garden\/#breadcrumb","itemListElement":[{"@type":"ListItem","position":1,"name":"Home","item":"https:\/\/hosekra.com\/modular\/"},{"@type":"ListItem","position":2,"name":"Modeli","item":"https:\/\/hosekra.com\/modular\/modeli\/"},{"@type":"ListItem","position":3,"name":"Wellness Zen garden"}]},{"@type":"WebSite","@id":"https:\/\/hosekra.com\/modular\/#website","url":"https:\/\/hosekra.com\/modular\/","name":"Hosekra Modular","description":"Prihodnost Bivanja","potentialAction":[{"@type":"SearchAction","target":{"@type":"EntryPoint","urlTemplate":"https:\/\/hosekra.com\/modular\/?s={search_term_string}"},"query-input":{"@type":"PropertyValueSpecification","valueRequired":true,"valueName":"search_term_string"}}],"inLanguage":"sl-SI"}]}},"_links":{"self":[{"href":"https:\/\/hosekra.com\/modular\/wp-json\/wp\/v2\/pages\/30","targetHints":{"allow":["GET"]}}],"collection":[{"href":"https:\/\/hosekra.com\/modular\/wp-json\/wp\/v2\/pages"}],"about":[{"href":"https:\/\/hosekra.com\/modular\/wp-json\/wp\/v2\/types\/page"}],"author":[{"embeddable":true,"href":"https:\/\/hosekra.com\/modular\/wp-json\/wp\/v2\/users\/1"}],"replies":[{"embeddable":true,"href":"https:\/\/hosekra.com\/modular\/wp-json\/wp\/v2\/comments?post=30"}],"version-history":[{"count":10,"href":"https:\/\/hosekra.com\/modular\/wp-json\/wp\/v2\/pages\/30\/revisions"}],"predecessor-version":[{"id":644,"href":"https:\/\/hosekra.com\/modular\/wp-json\/wp\/v2\/pages\/30\/revisions\/644"}],"up":[{"embeddable":true,"href":"https:\/\/hosekra.com\/modular\/wp-json\/wp\/v2\/pages\/12"}],"wp:attachment":[{"href":"https:\/\/hosekra.com\/modular\/wp-json\/wp\/v2\/media?parent=30"}],"curies":[{"name":"wp","href":"https:\/\/api.w.org\/{rel}","templated":true}]}}