{"id":713,"date":"2025-12-05T20:05:22","date_gmt":"2025-12-05T19:05:22","guid":{"rendered":"https:\/\/hosekra.com\/modular\/?page_id=713"},"modified":"2026-01-12T21:27:48","modified_gmt":"2026-01-12T20:27:48","slug":"poslovni-prostor-floral-touch","status":"publish","type":"page","link":"https:\/\/hosekra.com\/modular\/modeli\/poslovni-prostor-floral-touch\/","title":{"rendered":"Poslovni prostor Floral touch"},"content":{"rendered":"<p class=\"lead text-uppercase\">Popolna zdru\u017eitev funkcionalnosti, ne\u017enega dizajna in modularne prilagodljivosti.<\/p>\n<p>Dobrodo\u0161li v Hosekra Modular Floral Touch, ne\u017eno zasnovanem modularnem nohtnem studiu, kjer ro\u017enata eleganca in sodoben dizajn ustvarita popolno okolje za spro\u0161\u010danje in profesionalno nego rok. <\/p>\n<div class=\"play-container\"><img loading=\"lazy\" decoding=\"async\" src=\"https:\/\/hosekra.com\/modular\/wp-content\/uploads\/sites\/18\/Nohtni_studio_FLORAL_TOUCH.jpg\" alt=\"Nohtni studio Floral touch\" width=\"1156\" height=\"530\" class=\"size-full wp-image-78\" \/><a class=\"btn-play btn-play-image\" title=\"Nohtni studio Floral touch\" href=\"https:\/\/www.youtube.com\/watch?v=Hxb3VruhVMo\">Oglejte si video<\/a><\/div>\n<div class=\"wrapper-general\">\n<a href=\"https:\/\/hosekra.com\/modular\/wp-content\/uploads\/sites\/18\/Nohtni_studio_FLORAL_TOUCH.pdf\">Katalog nohtni studio Floral touch (.pdf)<\/a>\n<\/div>\n<p>Prostor je pre\u017eet z mehkobo pastelnih tonov, osrednji poudarek pa je na veliki cvetli\u010dni fototapeti v ro\u017enatih odtenkih, ki z razko\u0161nimi cvetovi ustvari romanti\u010dno in \u017eenstveno vzdu\u0161je ter postane prepoznavni podpis celotnega salona. Ustvarjen je za tiste, ki cenijo lepoto detajlov, vrhunsko atmosfero in prostor, ki navdihuje \u2013 tako zaposlene kot njihove stranke.<\/p>\n<h2>Prostorska zasnova<\/h2>\n<div class=\"row\"><div class=\"col-sm-6\">\n<h3 class=\"subtitle\">Tloris<\/h3>\n<p><a href=\"https:\/\/hosekra.com\/modular\/wp-content\/uploads\/sites\/18\/1-FLORAL-TOUCH-TLORIS.jpg\" data-rel=\"lightbox-image-0\" data-rl_title=\"Nohtni studio FLORAL TOUCH\" data-rl_caption=\"\" title=\"Nohtni studio FLORAL TOUCH\"><img loading=\"lazy\" decoding=\"async\" src=\"https:\/\/hosekra.com\/modular\/wp-content\/uploads\/sites\/18\/1-FLORAL-TOUCH-TLORIS-1024x576.jpg\" alt=\"Nohtni studio FLORAL TOUCH\" width=\"1024\" height=\"576\" class=\"alignnone size-large wp-image-719\" srcset=\"https:\/\/hosekra.com\/modular\/wp-content\/uploads\/sites\/18\/1-FLORAL-TOUCH-TLORIS-1024x576.jpg 1024w, https:\/\/hosekra.com\/modular\/wp-content\/uploads\/sites\/18\/1-FLORAL-TOUCH-TLORIS-548x308.jpg 548w, https:\/\/hosekra.com\/modular\/wp-content\/uploads\/sites\/18\/1-FLORAL-TOUCH-TLORIS-768x432.jpg 768w, https:\/\/hosekra.com\/modular\/wp-content\/uploads\/sites\/18\/1-FLORAL-TOUCH-TLORIS-1536x864.jpg 1536w, https:\/\/hosekra.com\/modular\/wp-content\/uploads\/sites\/18\/1-FLORAL-TOUCH-TLORIS.jpg 1600w\" sizes=\"auto, (max-width: 1024px) 100vw, 1024px\" \/><\/a><br \/>\n<\/div><div class=\"col-sm-6\"><\/p>\n<h3 class=\"subtitle\">Stranski Pogled<\/h3>\n<p><a href=\"https:\/\/hosekra.com\/modular\/wp-content\/uploads\/sites\/18\/FLORAL-TOUCH-3D.jpg\" data-rel=\"lightbox-image-1\" data-rl_title=\"Nohtni studio FLORAL TOUCH\" data-rl_caption=\"\" title=\"Nohtni studio FLORAL TOUCH\"><img loading=\"lazy\" decoding=\"async\" src=\"https:\/\/hosekra.com\/modular\/wp-content\/uploads\/sites\/18\/FLORAL-TOUCH-3D-1024x576.jpg\" alt=\"Nohtni studio FLORAL TOUCH\" width=\"1024\" height=\"576\" class=\"alignnone size-large wp-image-718\" srcset=\"https:\/\/hosekra.com\/modular\/wp-content\/uploads\/sites\/18\/FLORAL-TOUCH-3D-1024x576.jpg 1024w, https:\/\/hosekra.com\/modular\/wp-content\/uploads\/sites\/18\/FLORAL-TOUCH-3D-548x308.jpg 548w, https:\/\/hosekra.com\/modular\/wp-content\/uploads\/sites\/18\/FLORAL-TOUCH-3D-768x432.jpg 768w, https:\/\/hosekra.com\/modular\/wp-content\/uploads\/sites\/18\/FLORAL-TOUCH-3D-1536x864.jpg 1536w, https:\/\/hosekra.com\/modular\/wp-content\/uploads\/sites\/18\/FLORAL-TOUCH-3D.jpg 1600w\" sizes=\"auto, (max-width: 1024px) 100vw, 1024px\" \/><\/a><br \/>\n<\/div><\/div><\/p>\n<h2>Galerija<\/h2>\nngg_shortcode_0_placeholder\n","protected":false},"excerpt":{"rendered":"<p>Popolna zdru\u017eitev funkcionalnosti, ne\u017enega dizajna in modularne prilagodljivosti. Dobrodo\u0161li v Hosekra Modular Floral Touch, ne\u017eno zasnovanem modularnem nohtnem studiu, kjer ro\u017enata eleganca in sodoben dizajn ustvarita popolno okolje za spro\u0161\u010danje in profesionalno nego rok. Oglejte si video Katalog nohtni studio Floral touch (.pdf) Prostor je pre\u017eet z mehkobo pastelnih tonov, osrednji poudarek pa je na [&hellip;]<\/p>\n","protected":false},"author":1,"featured_media":0,"parent":12,"menu_order":40,"comment_status":"closed","ping_status":"closed","template":"produkti.php","meta":{"ngg_post_thumbnail":0,"footnotes":""},"class_list":["post-713","page","type-page","status-publish","hentry"],"yoast_head":"<!-- This site is optimized with the Yoast SEO plugin v27.4 - https:\/\/yoast.com\/product\/yoast-seo-wordpress\/ -->\n<title>Poslovni prostor Floral touch - Hosekra Modular<\/title>\n<meta name=\"robots\" content=\"index, follow, max-snippet:-1, max-image-preview:large, max-video-preview:-1\" \/>\n<link rel=\"canonical\" href=\"https:\/\/hosekra.com\/modular\/modeli\/poslovni-prostor-floral-touch\/\" \/>\n<meta property=\"og:locale\" content=\"sl_SI\" \/>\n<meta property=\"og:type\" content=\"article\" \/>\n<meta property=\"og:title\" content=\"Poslovni prostor Floral touch - Hosekra Modular\" \/>\n<meta property=\"og:description\" content=\"Popolna zdru\u017eitev funkcionalnosti, ne\u017enega dizajna in modularne prilagodljivosti. Dobrodo\u0161li v Hosekra Modular Floral Touch, ne\u017eno zasnovanem modularnem nohtnem studiu, kjer ro\u017enata eleganca in sodoben dizajn ustvarita popolno okolje za spro\u0161\u010danje in profesionalno nego rok. Oglejte si video Katalog nohtni studio Floral touch (.pdf) Prostor je pre\u017eet z mehkobo pastelnih tonov, osrednji poudarek pa je na [&hellip;]\" \/>\n<meta property=\"og:url\" content=\"https:\/\/hosekra.com\/modular\/modeli\/poslovni-prostor-floral-touch\/\" \/>\n<meta property=\"og:site_name\" content=\"Hosekra Modular\" \/>\n<meta property=\"article:modified_time\" content=\"2026-01-12T20:27:48+00:00\" \/>\n<meta property=\"og:image\" content=\"https:\/\/hosekra.com\/modular\/wp-content\/uploads\/sites\/18\/Zen_Garden_Yoga_Studio.jpg\" \/>\n\t<meta property=\"og:image:width\" content=\"1156\" \/>\n\t<meta property=\"og:image:height\" content=\"530\" \/>\n\t<meta property=\"og:image:type\" content=\"image\/jpeg\" \/>\n<meta name=\"twitter:card\" content=\"summary_large_image\" \/>\n<meta name=\"twitter:label1\" content=\"Est. reading time\" \/>\n\t<meta name=\"twitter:data1\" content=\"2 minuti\" \/>\n<script type=\"application\/ld+json\" class=\"yoast-schema-graph\">{\"@context\":\"https:\\\/\\\/schema.org\",\"@graph\":[{\"@type\":\"WebPage\",\"@id\":\"https:\\\/\\\/hosekra.com\\\/modular\\\/modeli\\\/poslovni-prostor-floral-touch\\\/\",\"url\":\"https:\\\/\\\/hosekra.com\\\/modular\\\/modeli\\\/poslovni-prostor-floral-touch\\\/\",\"name\":\"Poslovni prostor Floral touch - Hosekra Modular\",\"isPartOf\":{\"@id\":\"https:\\\/\\\/hosekra.com\\\/modular\\\/#website\"},\"primaryImageOfPage\":{\"@id\":\"https:\\\/\\\/hosekra.com\\\/modular\\\/modeli\\\/poslovni-prostor-floral-touch\\\/#primaryimage\"},\"image\":{\"@id\":\"https:\\\/\\\/hosekra.com\\\/modular\\\/modeli\\\/poslovni-prostor-floral-touch\\\/#primaryimage\"},\"thumbnailUrl\":\"https:\\\/\\\/hosekra.com\\\/modular\\\/wp-content\\\/uploads\\\/sites\\\/18\\\/Nohtni_studio_FLORAL_TOUCH.jpg\",\"datePublished\":\"2025-12-05T19:05:22+00:00\",\"dateModified\":\"2026-01-12T20:27:48+00:00\",\"breadcrumb\":{\"@id\":\"https:\\\/\\\/hosekra.com\\\/modular\\\/modeli\\\/poslovni-prostor-floral-touch\\\/#breadcrumb\"},\"inLanguage\":\"sl-SI\",\"potentialAction\":[{\"@type\":\"ReadAction\",\"target\":[\"https:\\\/\\\/hosekra.com\\\/modular\\\/modeli\\\/poslovni-prostor-floral-touch\\\/\"]}]},{\"@type\":\"ImageObject\",\"inLanguage\":\"sl-SI\",\"@id\":\"https:\\\/\\\/hosekra.com\\\/modular\\\/modeli\\\/poslovni-prostor-floral-touch\\\/#primaryimage\",\"url\":\"https:\\\/\\\/hosekra.com\\\/modular\\\/wp-content\\\/uploads\\\/sites\\\/18\\\/Zen_Garden_Yoga_Studio.jpg\",\"contentUrl\":\"https:\\\/\\\/hosekra.com\\\/modular\\\/wp-content\\\/uploads\\\/sites\\\/18\\\/Zen_Garden_Yoga_Studio.jpg\",\"width\":1156,\"height\":530,\"caption\":\"WellnessZENGARDEN\"},{\"@type\":\"BreadcrumbList\",\"@id\":\"https:\\\/\\\/hosekra.com\\\/modular\\\/modeli\\\/poslovni-prostor-floral-touch\\\/#breadcrumb\",\"itemListElement\":[{\"@type\":\"ListItem\",\"position\":1,\"name\":\"Home\",\"item\":\"https:\\\/\\\/hosekra.com\\\/modular\\\/\"},{\"@type\":\"ListItem\",\"position\":2,\"name\":\"Modeli\",\"item\":\"https:\\\/\\\/hosekra.com\\\/modular\\\/modeli\\\/\"},{\"@type\":\"ListItem\",\"position\":3,\"name\":\"Poslovni prostor Floral touch\"}]},{\"@type\":\"WebSite\",\"@id\":\"https:\\\/\\\/hosekra.com\\\/modular\\\/#website\",\"url\":\"https:\\\/\\\/hosekra.com\\\/modular\\\/\",\"name\":\"Hosekra Modular\",\"description\":\"Prihodnost Bivanja\",\"potentialAction\":[{\"@type\":\"SearchAction\",\"target\":{\"@type\":\"EntryPoint\",\"urlTemplate\":\"https:\\\/\\\/hosekra.com\\\/modular\\\/?s={search_term_string}\"},\"query-input\":{\"@type\":\"PropertyValueSpecification\",\"valueRequired\":true,\"valueName\":\"search_term_string\"}}],\"inLanguage\":\"sl-SI\"}]}<\/script>\n<!-- \/ Yoast SEO plugin. -->","yoast_head_json":{"title":"Poslovni prostor Floral touch - Hosekra Modular","robots":{"index":"index","follow":"follow","max-snippet":"max-snippet:-1","max-image-preview":"max-image-preview:large","max-video-preview":"max-video-preview:-1"},"canonical":"https:\/\/hosekra.com\/modular\/modeli\/poslovni-prostor-floral-touch\/","og_locale":"sl_SI","og_type":"article","og_title":"Poslovni prostor Floral touch - Hosekra Modular","og_description":"Popolna zdru\u017eitev funkcionalnosti, ne\u017enega dizajna in modularne prilagodljivosti. Dobrodo\u0161li v Hosekra Modular Floral Touch, ne\u017eno zasnovanem modularnem nohtnem studiu, kjer ro\u017enata eleganca in sodoben dizajn ustvarita popolno okolje za spro\u0161\u010danje in profesionalno nego rok. Oglejte si video Katalog nohtni studio Floral touch (.pdf) Prostor je pre\u017eet z mehkobo pastelnih tonov, osrednji poudarek pa je na [&hellip;]","og_url":"https:\/\/hosekra.com\/modular\/modeli\/poslovni-prostor-floral-touch\/","og_site_name":"Hosekra Modular","article_modified_time":"2026-01-12T20:27:48+00:00","og_image":[{"width":1156,"height":530,"url":"https:\/\/hosekra.com\/modular\/wp-content\/uploads\/sites\/18\/Zen_Garden_Yoga_Studio.jpg","type":"image\/jpeg"}],"twitter_card":"summary_large_image","twitter_misc":{"Est. reading time":"2 minuti"},"schema":{"@context":"https:\/\/schema.org","@graph":[{"@type":"WebPage","@id":"https:\/\/hosekra.com\/modular\/modeli\/poslovni-prostor-floral-touch\/","url":"https:\/\/hosekra.com\/modular\/modeli\/poslovni-prostor-floral-touch\/","name":"Poslovni prostor Floral touch - Hosekra Modular","isPartOf":{"@id":"https:\/\/hosekra.com\/modular\/#website"},"primaryImageOfPage":{"@id":"https:\/\/hosekra.com\/modular\/modeli\/poslovni-prostor-floral-touch\/#primaryimage"},"image":{"@id":"https:\/\/hosekra.com\/modular\/modeli\/poslovni-prostor-floral-touch\/#primaryimage"},"thumbnailUrl":"https:\/\/hosekra.com\/modular\/wp-content\/uploads\/sites\/18\/Nohtni_studio_FLORAL_TOUCH.jpg","datePublished":"2025-12-05T19:05:22+00:00","dateModified":"2026-01-12T20:27:48+00:00","breadcrumb":{"@id":"https:\/\/hosekra.com\/modular\/modeli\/poslovni-prostor-floral-touch\/#breadcrumb"},"inLanguage":"sl-SI","potentialAction":[{"@type":"ReadAction","target":["https:\/\/hosekra.com\/modular\/modeli\/poslovni-prostor-floral-touch\/"]}]},{"@type":"ImageObject","inLanguage":"sl-SI","@id":"https:\/\/hosekra.com\/modular\/modeli\/poslovni-prostor-floral-touch\/#primaryimage","url":"https:\/\/hosekra.com\/modular\/wp-content\/uploads\/sites\/18\/Zen_Garden_Yoga_Studio.jpg","contentUrl":"https:\/\/hosekra.com\/modular\/wp-content\/uploads\/sites\/18\/Zen_Garden_Yoga_Studio.jpg","width":1156,"height":530,"caption":"WellnessZENGARDEN"},{"@type":"BreadcrumbList","@id":"https:\/\/hosekra.com\/modular\/modeli\/poslovni-prostor-floral-touch\/#breadcrumb","itemListElement":[{"@type":"ListItem","position":1,"name":"Home","item":"https:\/\/hosekra.com\/modular\/"},{"@type":"ListItem","position":2,"name":"Modeli","item":"https:\/\/hosekra.com\/modular\/modeli\/"},{"@type":"ListItem","position":3,"name":"Poslovni prostor Floral touch"}]},{"@type":"WebSite","@id":"https:\/\/hosekra.com\/modular\/#website","url":"https:\/\/hosekra.com\/modular\/","name":"Hosekra Modular","description":"Prihodnost Bivanja","potentialAction":[{"@type":"SearchAction","target":{"@type":"EntryPoint","urlTemplate":"https:\/\/hosekra.com\/modular\/?s={search_term_string}"},"query-input":{"@type":"PropertyValueSpecification","valueRequired":true,"valueName":"search_term_string"}}],"inLanguage":"sl-SI"}]}},"_links":{"self":[{"href":"https:\/\/hosekra.com\/modular\/wp-json\/wp\/v2\/pages\/713","targetHints":{"allow":["GET"]}}],"collection":[{"href":"https:\/\/hosekra.com\/modular\/wp-json\/wp\/v2\/pages"}],"about":[{"href":"https:\/\/hosekra.com\/modular\/wp-json\/wp\/v2\/types\/page"}],"author":[{"embeddable":true,"href":"https:\/\/hosekra.com\/modular\/wp-json\/wp\/v2\/users\/1"}],"replies":[{"embeddable":true,"href":"https:\/\/hosekra.com\/modular\/wp-json\/wp\/v2\/comments?post=713"}],"version-history":[{"count":6,"href":"https:\/\/hosekra.com\/modular\/wp-json\/wp\/v2\/pages\/713\/revisions"}],"predecessor-version":[{"id":813,"href":"https:\/\/hosekra.com\/modular\/wp-json\/wp\/v2\/pages\/713\/revisions\/813"}],"up":[{"embeddable":true,"href":"https:\/\/hosekra.com\/modular\/wp-json\/wp\/v2\/pages\/12"}],"wp:attachment":[{"href":"https:\/\/hosekra.com\/modular\/wp-json\/wp\/v2\/media?parent=713"}],"curies":[{"name":"wp","href":"https:\/\/api.w.org\/{rel}","templated":true}]}}