{"id":1068,"date":"2024-03-14T09:17:15","date_gmt":"2024-03-14T08:17:15","guid":{"rendered":"https:\/\/hosekra.com\/outlet\/?post_type=product&#038;p=1068"},"modified":"2024-05-21T12:42:11","modified_gmt":"2024-05-21T10:42:11","slug":"mobilna-hiska-eko-3-x-8m","status":"publish","type":"product","link":"https:\/\/hosekra.com\/outlet\/izdelek\/mobilna-hiska-eko-3-x-8m\/","title":{"rendered":"Mobilna hi\u0161ka EKO 3 x 8m z 10cm dodatne izolacije"},"content":{"rendered":"<p>MOBILNA HI\u0160KA EKO 3X8 z dodatno izolacijo in in\u0161talacijami za pomivalni ali pralni stroj. NA ZALOGI!<\/p>\n<p>Odli\u010dna prilo\u017enost iz Outlet-a!<\/p>\n<p>Ogled je mo\u017een na na\u0161em sede\u017eu v Slovenski Bistrici, dobavljiva takoj.<\/p>\n<p>IZKORISTITE PRILO\u017dNOST IN SI ZAGOTOVITE SVOJ KO\u0160\u010cEK UDOBJA S POVSEM NOVO MOBILNO HI\u0160KO, KI JE TRENUTNO NA ZALOGI V NA\u0160EM OUTLETU!<\/p>\n<p>Cena je za hi\u0161ico Z VSO OPREMO (kopalnica, kuhinja, dnevni prostor in 1 spalnica). Dodatno je mo\u017eno naro\u010diti tudi teraso, cena terase 3x8m je 2.305,8 eur z v\u0161tetim 22% DDV.<\/p>\n<p>Uredimo vam lahko celotno postavitev hi\u0161ice, torej organiziramo prevoz, postavitev, ter postavitev terase, cena je odvisna od lokacije.<\/p>\n","protected":false},"excerpt":{"rendered":"<p>MOBILNA HI\u0160KA EKO 3X8 z dodatno izolacijo in in\u0161talacijami za pomivalni ali pralni stroj. NA ZALOGI! Odli\u010dna prilo\u017enost iz Outlet-a! Ogled je mo\u017een na na\u0161em sede\u017eu v Slovenski Bistrici, dobavljiva takoj. IZKORISTITE PRILO\u017dNOST IN SI ZAGOTOVITE SVOJ KO\u0160\u010cEK UDOBJA S POVSEM NOVO MOBILNO HI\u0160KO, KI JE TRENUTNO NA ZALOGI V NA\u0160EM OUTLETU! Cena je za [&hellip;]<\/p>\n","protected":false},"featured_media":1077,"template":"","meta":{"ngg_post_thumbnail":0,"footnotes":""},"product_brand":[],"product_cat":[17],"product_tag":[],"class_list":{"0":"post-1068","1":"product","2":"type-product","3":"status-publish","4":"has-post-thumbnail","6":"product_cat-mobilne-hiske","8":"first","9":"instock","10":"sale","11":"virtual","12":"purchasable","13":"product-type-simple"},"_links":{"self":[{"href":"https:\/\/hosekra.com\/outlet\/wp-json\/wp\/v2\/product\/1068","targetHints":{"allow":["GET"]}}],"collection":[{"href":"https:\/\/hosekra.com\/outlet\/wp-json\/wp\/v2\/product"}],"about":[{"href":"https:\/\/hosekra.com\/outlet\/wp-json\/wp\/v2\/types\/product"}],"version-history":[{"count":0,"href":"https:\/\/hosekra.com\/outlet\/wp-json\/wp\/v2\/product\/1068\/revisions"}],"wp:featuredmedia":[{"embeddable":true,"href":"https:\/\/hosekra.com\/outlet\/wp-json\/wp\/v2\/media\/1077"}],"wp:attachment":[{"href":"https:\/\/hosekra.com\/outlet\/wp-json\/wp\/v2\/media?parent=1068"}],"wp:term":[{"taxonomy":"product_brand","embeddable":true,"href":"https:\/\/hosekra.com\/outlet\/wp-json\/wp\/v2\/product_brand?post=1068"},{"taxonomy":"product_cat","embeddable":true,"href":"https:\/\/hosekra.com\/outlet\/wp-json\/wp\/v2\/product_cat?post=1068"},{"taxonomy":"product_tag","embeddable":true,"href":"https:\/\/hosekra.com\/outlet\/wp-json\/wp\/v2\/product_tag?post=1068"}],"curies":[{"name":"wp","href":"https:\/\/api.w.org\/{rel}","templated":true}]}}