{"id":1196,"date":"2024-04-10T12:39:39","date_gmt":"2024-04-10T10:39:39","guid":{"rendered":"https:\/\/hosekra.com\/outlet\/?post_type=product&#038;p=1196"},"modified":"2024-04-18T11:09:59","modified_gmt":"2024-04-18T09:09:59","slug":"stresne-kritine-razlicni-kosi","status":"publish","type":"product","link":"https:\/\/hosekra.com\/outlet\/izdelek\/stresne-kritine-razlicni-kosi\/","title":{"rendered":"Stre\u0161ne kritine &#8211; razli\u010dni kosi 2. klasa"},"content":{"rendered":"<p>Razli\u010dni kosi razli\u010dnih oblik in dol\u017ein&#8230;<\/p>\n","protected":false},"excerpt":{"rendered":"<p>Razli\u010dni kosi razli\u010dnih oblik in dol\u017ein&#8230;<\/p>\n","protected":false},"featured_media":1176,"template":"","meta":{"ngg_post_thumbnail":0,"footnotes":""},"product_brand":[],"product_cat":[20],"product_tag":[],"class_list":{"0":"post-1196","1":"product","2":"type-product","3":"status-publish","4":"has-post-thumbnail","6":"product_cat-strehe","8":"first","9":"instock","10":"sale","11":"shipping-taxable","12":"purchasable","13":"product-type-simple"},"_links":{"self":[{"href":"https:\/\/hosekra.com\/outlet\/wp-json\/wp\/v2\/product\/1196","targetHints":{"allow":["GET"]}}],"collection":[{"href":"https:\/\/hosekra.com\/outlet\/wp-json\/wp\/v2\/product"}],"about":[{"href":"https:\/\/hosekra.com\/outlet\/wp-json\/wp\/v2\/types\/product"}],"version-history":[{"count":0,"href":"https:\/\/hosekra.com\/outlet\/wp-json\/wp\/v2\/product\/1196\/revisions"}],"wp:featuredmedia":[{"embeddable":true,"href":"https:\/\/hosekra.com\/outlet\/wp-json\/wp\/v2\/media\/1176"}],"wp:attachment":[{"href":"https:\/\/hosekra.com\/outlet\/wp-json\/wp\/v2\/media?parent=1196"}],"wp:term":[{"taxonomy":"product_brand","embeddable":true,"href":"https:\/\/hosekra.com\/outlet\/wp-json\/wp\/v2\/product_brand?post=1196"},{"taxonomy":"product_cat","embeddable":true,"href":"https:\/\/hosekra.com\/outlet\/wp-json\/wp\/v2\/product_cat?post=1196"},{"taxonomy":"product_tag","embeddable":true,"href":"https:\/\/hosekra.com\/outlet\/wp-json\/wp\/v2\/product_tag?post=1196"}],"curies":[{"name":"wp","href":"https:\/\/api.w.org\/{rel}","templated":true}]}}