{"id":2212,"date":"2024-10-08T13:46:56","date_gmt":"2024-10-08T11:46:56","guid":{"rendered":"https:\/\/hosekra.com\/outlet\/?post_type=product&#038;p=2212"},"modified":"2026-04-01T11:02:23","modified_gmt":"2026-04-01T09:02:23","slug":"talna-mreza-za-terase-28mx23m","status":"publish","type":"product","link":"https:\/\/hosekra.com\/outlet\/izdelek\/talna-mreza-za-terase-28mx23m\/","title":{"rendered":"Talna mre\u017ea za terase 2,8mx2,3m"},"content":{"rendered":"<p>Talna mre\u017ea iz profilov primerna za samogradnjo terase. Prilagojena za betonske plo\u0161\u010de 40x40cm. Brez plo\u0161\u010d.<\/p>\n","protected":false},"excerpt":{"rendered":"<p>Talna mre\u017ea iz profilov primerna za samogradnjo terase. Prilagojena za betonske plo\u0161\u010de 40x40cm. Brez plo\u0161\u010d.<\/p>\n","protected":false},"featured_media":2207,"template":"","meta":{"ngg_post_thumbnail":0,"footnotes":""},"product_brand":[],"product_cat":[118],"product_tag":[],"class_list":{"0":"post-2212","1":"product","2":"type-product","3":"status-publish","4":"has-post-thumbnail","6":"product_cat-profili","8":"first","9":"instock","10":"sale","11":"shipping-taxable","12":"purchasable","13":"product-type-simple"},"_links":{"self":[{"href":"https:\/\/hosekra.com\/outlet\/wp-json\/wp\/v2\/product\/2212","targetHints":{"allow":["GET"]}}],"collection":[{"href":"https:\/\/hosekra.com\/outlet\/wp-json\/wp\/v2\/product"}],"about":[{"href":"https:\/\/hosekra.com\/outlet\/wp-json\/wp\/v2\/types\/product"}],"version-history":[{"count":1,"href":"https:\/\/hosekra.com\/outlet\/wp-json\/wp\/v2\/product\/2212\/revisions"}],"predecessor-version":[{"id":2213,"href":"https:\/\/hosekra.com\/outlet\/wp-json\/wp\/v2\/product\/2212\/revisions\/2213"}],"wp:featuredmedia":[{"embeddable":true,"href":"https:\/\/hosekra.com\/outlet\/wp-json\/wp\/v2\/media\/2207"}],"wp:attachment":[{"href":"https:\/\/hosekra.com\/outlet\/wp-json\/wp\/v2\/media?parent=2212"}],"wp:term":[{"taxonomy":"product_brand","embeddable":true,"href":"https:\/\/hosekra.com\/outlet\/wp-json\/wp\/v2\/product_brand?post=2212"},{"taxonomy":"product_cat","embeddable":true,"href":"https:\/\/hosekra.com\/outlet\/wp-json\/wp\/v2\/product_cat?post=2212"},{"taxonomy":"product_tag","embeddable":true,"href":"https:\/\/hosekra.com\/outlet\/wp-json\/wp\/v2\/product_tag?post=2212"}],"curies":[{"name":"wp","href":"https:\/\/api.w.org\/{rel}","templated":true}]}}