{"id":2471,"date":"2023-11-06T13:31:39","date_gmt":"2023-11-06T12:31:39","guid":{"rendered":"https:\/\/hosekra.com\/outlet\/?post_type=product&#038;p=2471"},"modified":"2025-08-27T13:52:52","modified_gmt":"2025-08-27T11:52:52","slug":"osnovni-kontejner-6x23m-9","status":"publish","type":"product","link":"https:\/\/hosekra.com\/outlet\/izdelek\/osnovni-kontejner-6x23m-9\/","title":{"rendered":"Osnovni Kontejner 6mx2,3m"},"content":{"rendered":"<p>Osnovni kontejner dimenzij 6 x 2,3 metra je funkcionalen in prakti\u010den prostor, primeren za razli\u010dne namene. Ima preprosto, a elegantno zunanjo obdelavo v antracitni barvi, z enim oknom in vrati, kar zagotavlja dobro osvetlitev in preprost dostop. Notranjost je izolirana, kar zagotavlja udobne temperaturne pogoje skozi vse leto, ne glede na letni \u010das. Priklju\u010dena sta lu\u010d in vti\u010dnica, ki omogo\u010data enostavno takoj\u0161njo uporabo za osnovne elektri\u010dne potrebe. Prednost tega kontejnerja je njegova prilagodljivost, saj omogo\u010da hitro preureditev za razli\u010dne poslovne ali skladi\u0161\u010dne potrebe.<\/p>\n","protected":false},"excerpt":{"rendered":"<p>Osnovni kontejner dimenzij 6 x 2,3 metra je funkcionalen in prakti\u010den prostor, primeren za razli\u010dne namene. Ima preprosto, a elegantno zunanjo obdelavo v antracitni barvi, z enim oknom in vrati, kar zagotavlja dobro osvetlitev in preprost dostop. Notranjost je izolirana, kar zagotavlja udobne temperaturne pogoje skozi vse leto, ne glede na letni \u010das. Priklju\u010dena sta [&hellip;]<\/p>\n","protected":false},"featured_media":2473,"template":"","meta":{"ngg_post_thumbnail":0,"footnotes":""},"product_brand":[],"product_cat":[16],"product_tag":[],"class_list":{"0":"post-2471","1":"product","2":"type-product","3":"status-publish","4":"has-post-thumbnail","6":"product_cat-kontejnerji","8":"first","9":"instock","10":"sale","11":"virtual","12":"purchasable","13":"product-type-simple"},"_links":{"self":[{"href":"https:\/\/hosekra.com\/outlet\/wp-json\/wp\/v2\/product\/2471","targetHints":{"allow":["GET"]}}],"collection":[{"href":"https:\/\/hosekra.com\/outlet\/wp-json\/wp\/v2\/product"}],"about":[{"href":"https:\/\/hosekra.com\/outlet\/wp-json\/wp\/v2\/types\/product"}],"version-history":[{"count":2,"href":"https:\/\/hosekra.com\/outlet\/wp-json\/wp\/v2\/product\/2471\/revisions"}],"predecessor-version":[{"id":2708,"href":"https:\/\/hosekra.com\/outlet\/wp-json\/wp\/v2\/product\/2471\/revisions\/2708"}],"wp:featuredmedia":[{"embeddable":true,"href":"https:\/\/hosekra.com\/outlet\/wp-json\/wp\/v2\/media\/2473"}],"wp:attachment":[{"href":"https:\/\/hosekra.com\/outlet\/wp-json\/wp\/v2\/media?parent=2471"}],"wp:term":[{"taxonomy":"product_brand","embeddable":true,"href":"https:\/\/hosekra.com\/outlet\/wp-json\/wp\/v2\/product_brand?post=2471"},{"taxonomy":"product_cat","embeddable":true,"href":"https:\/\/hosekra.com\/outlet\/wp-json\/wp\/v2\/product_cat?post=2471"},{"taxonomy":"product_tag","embeddable":true,"href":"https:\/\/hosekra.com\/outlet\/wp-json\/wp\/v2\/product_tag?post=2471"}],"curies":[{"name":"wp","href":"https:\/\/api.w.org\/{rel}","templated":true}]}}