{"id":2583,"date":"2024-08-12T12:11:51","date_gmt":"2024-08-12T10:11:51","guid":{"rendered":"https:\/\/hosekra.com\/outlet\/?post_type=product&#038;p=2583"},"modified":"2025-02-04T10:50:15","modified_gmt":"2025-02-04T09:50:15","slug":"kontejner-6x23-2-klas-4","status":"publish","type":"product","link":"https:\/\/hosekra.com\/outlet\/izdelek\/kontejner-6x23-2-klas-4\/","title":{"rendered":"Kontejner 6mx2,3m"},"content":{"rendered":"<p>Bele barve, 3x okna, 1x vrata, Komplet izoliran, lu\u010d + vti\u010dnica.<\/p>\n<p>Kontejner dimenzij 6 x 2,3 x 2,3 metra je prilagodljiv prostor, ki odli\u010dno slu\u017ei kot pisarna, skladi\u0161\u010de ali delovni prostor. Njegova zunanjost v beli barvi ustvarja \u010dist in profesionalen videz, ki ga dopolnjujeta okna in vrata za naravno osvetlitev. Zahvaljujo\u010d dobri izolaciji je prostor udoben skozi vse leto, vgrajeni elektri\u010dni priklju\u010dki pa omogo\u010dajo nemoteno uporabo za ra\u010dunalnike, razsvetljavo ali drugo opremo. Ena od glavnih prednosti je mo\u017enost modularne \u0161iritve, ki omogo\u010da nadgradnjo z dodatnimi kontejnerji.<\/p>\n","protected":false},"excerpt":{"rendered":"<p>Bele barve, 3x okna, 1x vrata, Komplet izoliran, lu\u010d + vti\u010dnica. Kontejner dimenzij 6 x 2,3 x 2,3 metra je prilagodljiv prostor, ki odli\u010dno slu\u017ei kot pisarna, skladi\u0161\u010de ali delovni prostor. Njegova zunanjost v beli barvi ustvarja \u010dist in profesionalen videz, ki ga dopolnjujeta okna in vrata za naravno osvetlitev. Zahvaljujo\u010d dobri izolaciji je prostor [&hellip;]<\/p>\n","protected":false},"featured_media":2585,"template":"","meta":{"ngg_post_thumbnail":0,"footnotes":""},"product_brand":[],"product_cat":[16],"product_tag":[],"class_list":{"0":"post-2583","1":"product","2":"type-product","3":"status-publish","4":"has-post-thumbnail","6":"product_cat-kontejnerji","8":"first","9":"instock","10":"sale","11":"virtual","12":"purchasable","13":"product-type-simple"},"_links":{"self":[{"href":"https:\/\/hosekra.com\/outlet\/wp-json\/wp\/v2\/product\/2583","targetHints":{"allow":["GET"]}}],"collection":[{"href":"https:\/\/hosekra.com\/outlet\/wp-json\/wp\/v2\/product"}],"about":[{"href":"https:\/\/hosekra.com\/outlet\/wp-json\/wp\/v2\/types\/product"}],"version-history":[{"count":6,"href":"https:\/\/hosekra.com\/outlet\/wp-json\/wp\/v2\/product\/2583\/revisions"}],"predecessor-version":[{"id":2681,"href":"https:\/\/hosekra.com\/outlet\/wp-json\/wp\/v2\/product\/2583\/revisions\/2681"}],"wp:featuredmedia":[{"embeddable":true,"href":"https:\/\/hosekra.com\/outlet\/wp-json\/wp\/v2\/media\/2585"}],"wp:attachment":[{"href":"https:\/\/hosekra.com\/outlet\/wp-json\/wp\/v2\/media?parent=2583"}],"wp:term":[{"taxonomy":"product_brand","embeddable":true,"href":"https:\/\/hosekra.com\/outlet\/wp-json\/wp\/v2\/product_brand?post=2583"},{"taxonomy":"product_cat","embeddable":true,"href":"https:\/\/hosekra.com\/outlet\/wp-json\/wp\/v2\/product_cat?post=2583"},{"taxonomy":"product_tag","embeddable":true,"href":"https:\/\/hosekra.com\/outlet\/wp-json\/wp\/v2\/product_tag?post=2583"}],"curies":[{"name":"wp","href":"https:\/\/api.w.org\/{rel}","templated":true}]}}