{"id":3326,"date":"2024-01-04T11:01:47","date_gmt":"2024-01-04T10:01:47","guid":{"rendered":"https:\/\/hosekra.com\/outlet\/?post_type=product&#038;p=3326"},"modified":"2025-09-23T08:12:57","modified_gmt":"2025-09-23T06:12:57","slug":"kontejner-pisarna-6mx25m","status":"publish","type":"product","link":"https:\/\/hosekra.com\/outlet\/izdelek\/kontejner-pisarna-6mx25m\/","title":{"rendered":"Kontejner Pisarna 6mx2,5m"},"content":{"rendered":"<p>Osnovni kontejner dimenzij 6&#215;2,5 metra v antracitni barvi. Primeren za pisarno zaradi velikega panoramskega okna.<\/p>\n<p>Prakti\u010dna re\u0161itev za razli\u010dne poslovne in osebne potrebe. Zasnovan je z enim oknom in vrati, ki omogo\u010dajo enostaven dostop in naravno osvetlitev. Notranjost je izolirana, kar zagotavlja udobno temperaturo skozi vse leto. Poleg tega je opremljen z lu\u010djo in vti\u010dnico, kar omogo\u010da takoj\u0161njo uporabo za osnovne elektri\u010dne naprave.<\/p>\n<p>Prednost tega kontejnerja je njegova dostopnost po zni\u017eani ceni, kar pomeni, da gre za odli\u010dno izbiro za vse, ki i\u0161\u010dejo kakovostno in ugodno re\u0161itev.<\/p>\n","protected":false},"excerpt":{"rendered":"<p>Osnovni kontejner dimenzij 6&#215;2,5 metra v antracitni barvi. Primeren za pisarno zaradi velikega panoramskega okna. Prakti\u010dna re\u0161itev za razli\u010dne poslovne in osebne potrebe. Zasnovan je z enim oknom in vrati, ki omogo\u010dajo enostaven dostop in naravno osvetlitev. Notranjost je izolirana, kar zagotavlja udobno temperaturo skozi vse leto. Poleg tega je opremljen z lu\u010djo in vti\u010dnico, [&hellip;]<\/p>\n","protected":false},"featured_media":3315,"template":"","meta":{"ngg_post_thumbnail":0,"footnotes":""},"product_brand":[],"product_cat":[16],"product_tag":[],"class_list":{"0":"post-3326","1":"product","2":"type-product","3":"status-publish","4":"has-post-thumbnail","6":"product_cat-kontejnerji","8":"first","9":"instock","10":"virtual","11":"purchasable","12":"product-type-simple"},"_links":{"self":[{"href":"https:\/\/hosekra.com\/outlet\/wp-json\/wp\/v2\/product\/3326","targetHints":{"allow":["GET"]}}],"collection":[{"href":"https:\/\/hosekra.com\/outlet\/wp-json\/wp\/v2\/product"}],"about":[{"href":"https:\/\/hosekra.com\/outlet\/wp-json\/wp\/v2\/types\/product"}],"version-history":[{"count":1,"href":"https:\/\/hosekra.com\/outlet\/wp-json\/wp\/v2\/product\/3326\/revisions"}],"predecessor-version":[{"id":3328,"href":"https:\/\/hosekra.com\/outlet\/wp-json\/wp\/v2\/product\/3326\/revisions\/3328"}],"wp:featuredmedia":[{"embeddable":true,"href":"https:\/\/hosekra.com\/outlet\/wp-json\/wp\/v2\/media\/3315"}],"wp:attachment":[{"href":"https:\/\/hosekra.com\/outlet\/wp-json\/wp\/v2\/media?parent=3326"}],"wp:term":[{"taxonomy":"product_brand","embeddable":true,"href":"https:\/\/hosekra.com\/outlet\/wp-json\/wp\/v2\/product_brand?post=3326"},{"taxonomy":"product_cat","embeddable":true,"href":"https:\/\/hosekra.com\/outlet\/wp-json\/wp\/v2\/product_cat?post=3326"},{"taxonomy":"product_tag","embeddable":true,"href":"https:\/\/hosekra.com\/outlet\/wp-json\/wp\/v2\/product_tag?post=3326"}],"curies":[{"name":"wp","href":"https:\/\/api.w.org\/{rel}","templated":true}]}}