{"id":3360,"date":"2024-08-30T12:43:14","date_gmt":"2024-08-30T10:43:14","guid":{"rendered":"https:\/\/hosekra.com\/outlet\/?post_type=product&#038;p=3360"},"modified":"2025-10-07T08:52:45","modified_gmt":"2025-10-07T06:52:45","slug":"sejemski-kontejner-pisarna-6x23x28m","status":"publish","type":"product","link":"https:\/\/hosekra.com\/outlet\/izdelek\/sejemski-kontejner-pisarna-6x23x28m\/","title":{"rendered":"Pisarna Noir 6&#215;2,3&#215;2,8m"},"content":{"rendered":"<p>Kontejner Pisarna 6&#215;2,3&#215;2,8m je popolnoma opremljen kontejner, pripravljen za takoj\u0161njo uporabo kot pisarna. Zasnovan je z modernimi kovinskimi letvicami v barvi naravnega macesna, ki mu daje eleganten videz. Notranjost vklju\u010duje pisarni\u0161ko opremo in stilizirane dekorativne elemnte za zaklju\u010den videz celote pisarne.<\/p>\n<p>Notranja oprema <a href=\"https:\/\/hosekra.com\/modular\/modeli\/pisarna-noir\/\">Noir<\/a>.<\/p>\n<p>Komplet izoliran, panoramsko okno, drsna vrata, lu\u010dmi in vti\u010dnice. Ima \u0161tevilne mo\u017enosti uporabe, od pisarn do razli\u010dnih poslovnih prostorov.<\/p>\n<p>Prednosti tega kontejnerja so enostavna prilagodljivost, hitra dobava in priprava na takoj\u0161nje obratovanje.<\/p>\n","protected":false},"excerpt":{"rendered":"<p>Kontejner Pisarna 6&#215;2,3&#215;2,8m je popolnoma opremljen kontejner, pripravljen za takoj\u0161njo uporabo kot pisarna. Zasnovan je z modernimi kovinskimi letvicami v barvi naravnega macesna, ki mu daje eleganten videz. Notranjost vklju\u010duje pisarni\u0161ko opremo in stilizirane dekorativne elemnte za zaklju\u010den videz celote pisarne. Notranja oprema Noir. Komplet izoliran, panoramsko okno, drsna vrata, lu\u010dmi in vti\u010dnice. Ima \u0161tevilne [&hellip;]<\/p>\n","protected":false},"featured_media":3375,"template":"","meta":{"ngg_post_thumbnail":0,"footnotes":""},"product_brand":[],"product_cat":[16],"product_tag":[],"class_list":{"0":"post-3360","1":"product","2":"type-product","3":"status-publish","4":"has-post-thumbnail","6":"product_cat-kontejnerji","8":"first","9":"instock","10":"sale","11":"virtual","12":"purchasable","13":"product-type-simple"},"_links":{"self":[{"href":"https:\/\/hosekra.com\/outlet\/wp-json\/wp\/v2\/product\/3360","targetHints":{"allow":["GET"]}}],"collection":[{"href":"https:\/\/hosekra.com\/outlet\/wp-json\/wp\/v2\/product"}],"about":[{"href":"https:\/\/hosekra.com\/outlet\/wp-json\/wp\/v2\/types\/product"}],"version-history":[{"count":4,"href":"https:\/\/hosekra.com\/outlet\/wp-json\/wp\/v2\/product\/3360\/revisions"}],"predecessor-version":[{"id":3396,"href":"https:\/\/hosekra.com\/outlet\/wp-json\/wp\/v2\/product\/3360\/revisions\/3396"}],"wp:featuredmedia":[{"embeddable":true,"href":"https:\/\/hosekra.com\/outlet\/wp-json\/wp\/v2\/media\/3375"}],"wp:attachment":[{"href":"https:\/\/hosekra.com\/outlet\/wp-json\/wp\/v2\/media?parent=3360"}],"wp:term":[{"taxonomy":"product_brand","embeddable":true,"href":"https:\/\/hosekra.com\/outlet\/wp-json\/wp\/v2\/product_brand?post=3360"},{"taxonomy":"product_cat","embeddable":true,"href":"https:\/\/hosekra.com\/outlet\/wp-json\/wp\/v2\/product_cat?post=3360"},{"taxonomy":"product_tag","embeddable":true,"href":"https:\/\/hosekra.com\/outlet\/wp-json\/wp\/v2\/product_tag?post=3360"}],"curies":[{"name":"wp","href":"https:\/\/api.w.org\/{rel}","templated":true}]}}