{"id":3497,"date":"2024-10-07T12:39:43","date_gmt":"2024-10-07T10:39:43","guid":{"rendered":"https:\/\/hosekra.com\/outlet\/?post_type=product&#038;p=3497"},"modified":"2026-01-27T11:36:40","modified_gmt":"2026-01-27T10:36:40","slug":"mobilna-hiska-eko-max-4x8m","status":"publish","type":"product","link":"https:\/\/hosekra.com\/outlet\/izdelek\/mobilna-hiska-eko-max-4x8m\/","title":{"rendered":"Mobilna hi\u0161ka EKO MAX 4X8m"},"content":{"rendered":"<p data-olk-copy-source=\"MessageBody\">CENA: <span lang=\"sl\">19.855,00<\/span>\u00a0 ZNI\u017dANA 8<span lang=\"sl\">\u00a0<\/span>%<span lang=\"sl\"> &#8211; iz 21.145,00 <\/span>MOBILNA HI\u0160KA EKO MAX DELUX<span lang=\"sl\">\u00a0(4 x 8m) <\/span>\u2013 EKSPONAT NA VOLJO TAKOJ<span lang=\"sl\">!<\/span><\/p>\n<p data-start=\"0\" data-end=\"65\">Ogled hi\u0161ice je mo\u017een na na\u0161em sede\u017eu v <strong data-start=\"40\" data-end=\"62\">Slovenski Bistrici<\/strong>.<\/p>\n<p data-start=\"67\" data-end=\"133\">Cena vklju\u010duje <strong data-start=\"82\" data-end=\"113\">popolnoma opremljeno hi\u0161ico<\/strong> z vsemi elementi:<\/p>\n<ul data-start=\"134\" data-end=\"287\">\n<li data-start=\"134\" data-end=\"148\">\n<p data-start=\"136\" data-end=\"148\">kopalnica,<\/p>\n<\/li>\n<li data-start=\"149\" data-end=\"161\">\n<p data-start=\"151\" data-end=\"161\">kuhinja,<\/p>\n<\/li>\n<li data-start=\"162\" data-end=\"181\">\n<p data-start=\"164\" data-end=\"181\">dnevni prostor,<\/p>\n<\/li>\n<li data-start=\"182\" data-end=\"199\">\n<p data-start=\"184\" data-end=\"199\">dve spalnici,<\/p>\n<\/li>\n<li data-start=\"200\" data-end=\"237\">\n<p data-start=\"202\" data-end=\"237\"><strong data-start=\"202\" data-end=\"234\">notranja oprema DELUX + \u0161ank<\/strong>,<\/p>\n<\/li>\n<li data-start=\"238\" data-end=\"287\">\n<p data-start=\"240\" data-end=\"287\"><strong data-start=\"240\" data-end=\"284\">dodatna vti\u010dnica za IR-panel v kopalnici<\/strong>.<\/p>\n<\/li>\n<\/ul>\n<p data-start=\"289\" data-end=\"377\" data-is-last-node=\"\" data-is-only-node=\"\">Po \u017eelji je mo\u017eno naro\u010diti tudi <strong data-start=\"321\" data-end=\"331\">teraso<\/strong> dimenzij <strong data-start=\"341\" data-end=\"352\">3 \u00d7 8 m<\/strong>, po ceni <strong data-start=\"362\" data-end=\"376\">1.890,00 \u20ac<\/strong>.<\/p>\n<p>Uredimo vam lahko celotno postavitev hi\u0161ice, torej organiziramo prevoz, postavitev, ter postavitev terase, cena je odvisna od lokacije.<\/p>\n","protected":false},"excerpt":{"rendered":"<p>CENA: 19.855,00\u00a0 ZNI\u017dANA 8\u00a0% &#8211; iz 21.145,00 MOBILNA HI\u0160KA EKO MAX DELUX\u00a0(4 x 8m) \u2013 EKSPONAT NA VOLJO TAKOJ! Ogled hi\u0161ice je mo\u017een na na\u0161em sede\u017eu v Slovenski Bistrici. Cena vklju\u010duje popolnoma opremljeno hi\u0161ico z vsemi elementi: kopalnica, kuhinja, dnevni prostor, dve spalnici, notranja oprema DELUX + \u0161ank, dodatna vti\u010dnica za IR-panel v kopalnici. Po [&hellip;]<\/p>\n","protected":false},"featured_media":3509,"template":"","meta":{"ngg_post_thumbnail":0,"footnotes":""},"product_brand":[],"product_cat":[17],"product_tag":[],"class_list":{"0":"post-3497","1":"product","2":"type-product","3":"status-publish","4":"has-post-thumbnail","6":"product_cat-mobilne-hiske","8":"first","9":"instock","10":"sale","11":"virtual","12":"purchasable","13":"product-type-simple"},"_links":{"self":[{"href":"https:\/\/hosekra.com\/outlet\/wp-json\/wp\/v2\/product\/3497","targetHints":{"allow":["GET"]}}],"collection":[{"href":"https:\/\/hosekra.com\/outlet\/wp-json\/wp\/v2\/product"}],"about":[{"href":"https:\/\/hosekra.com\/outlet\/wp-json\/wp\/v2\/types\/product"}],"version-history":[{"count":7,"href":"https:\/\/hosekra.com\/outlet\/wp-json\/wp\/v2\/product\/3497\/revisions"}],"predecessor-version":[{"id":3696,"href":"https:\/\/hosekra.com\/outlet\/wp-json\/wp\/v2\/product\/3497\/revisions\/3696"}],"wp:featuredmedia":[{"embeddable":true,"href":"https:\/\/hosekra.com\/outlet\/wp-json\/wp\/v2\/media\/3509"}],"wp:attachment":[{"href":"https:\/\/hosekra.com\/outlet\/wp-json\/wp\/v2\/media?parent=3497"}],"wp:term":[{"taxonomy":"product_brand","embeddable":true,"href":"https:\/\/hosekra.com\/outlet\/wp-json\/wp\/v2\/product_brand?post=3497"},{"taxonomy":"product_cat","embeddable":true,"href":"https:\/\/hosekra.com\/outlet\/wp-json\/wp\/v2\/product_cat?post=3497"},{"taxonomy":"product_tag","embeddable":true,"href":"https:\/\/hosekra.com\/outlet\/wp-json\/wp\/v2\/product_tag?post=3497"}],"curies":[{"name":"wp","href":"https:\/\/api.w.org\/{rel}","templated":true}]}}