{"id":4340,"date":"2024-03-18T13:33:10","date_gmt":"2024-03-18T12:33:10","guid":{"rendered":"https:\/\/hosekra.com\/outlet\/?post_type=product&#038;p=4340"},"modified":"2026-04-08T14:11:58","modified_gmt":"2026-04-08T12:11:58","slug":"skladiscni-kontejner-6-x-3-x-28-m","status":"publish","type":"product","link":"https:\/\/hosekra.com\/outlet\/izdelek\/skladiscni-kontejner-6-x-3-x-28-m\/","title":{"rendered":"SKLADI\u0160\u010cNI KONTEJNER 6 X 3 X 2,8 m"},"content":{"rendered":"<p data-start=\"0\" data-end=\"282\">Predstavljamo vam sodoben skladi\u0161\u010dni kontejner, ki zdru\u017euje funkcionalnost, estetiko in vrhunsko kakovost izdelave. V elegantni antracit barvi se odli\u010dno poda v vsak poslovni ali doma\u010di ambient, hkrati pa s svojim dovr\u0161enim videzom presega klasi\u010dne predstave o skladi\u0161\u010dnih re\u0161itvah.<\/p>\n<p data-start=\"284\" data-end=\"593\">Dimenzije 6 x 3 metre in vi\u0161ina 2,8 metra zagotavljajo prostorno notranjost, ki omogo\u010da enostavno organizacijo in shranjevanje razli\u010dnih materialov, opreme ali izdelkov. Posebno dodano vrednost predstavljajo steklena vrata, ki prostoru dajejo sodoben, odprt videz ter omogo\u010dajo naravno osvetlitev notranjosti.<\/p>\n<p data-start=\"595\" data-end=\"908\">Kontejner je izdelan iz kakovostnih, trpe\u017enih materialov, odpornih na vremenske vplive, kar zagotavlja dolgo \u017eivljenjsko dobo in minimalno potrebo po vzdr\u017eevanju. Primeren je tako za podjetja kot posameznike, ki i\u0161\u010dejo zanesljivo in estetsko dovr\u0161eno re\u0161itev za skladi\u0161\u010denje ali celo alternativni delovni prostor.<\/p>\n<p data-start=\"910\" data-end=\"1069\" data-is-last-node=\"\" data-is-only-node=\"\">Izberite skladi\u0161\u010dni kontejner, ki ni le prakti\u010den, temve\u010d tudi vizualno dovr\u0161en \u2013 idealna re\u0161itev za vse, ki cenijo kakovost, funkcionalnost in sodoben dizajn.<\/p>\n","protected":false},"excerpt":{"rendered":"<p>Predstavljamo vam sodoben skladi\u0161\u010dni kontejner, ki zdru\u017euje funkcionalnost, estetiko in vrhunsko kakovost izdelave. V elegantni antracit barvi se odli\u010dno poda v vsak poslovni ali doma\u010di ambient, hkrati pa s svojim dovr\u0161enim videzom presega klasi\u010dne predstave o skladi\u0161\u010dnih re\u0161itvah. Dimenzije 6 x 3 metre in vi\u0161ina 2,8 metra zagotavljajo prostorno notranjost, ki omogo\u010da enostavno organizacijo in [&hellip;]<\/p>\n","protected":false},"featured_media":4341,"template":"","meta":{"ngg_post_thumbnail":0,"footnotes":""},"product_brand":[],"product_cat":[16],"product_tag":[],"class_list":{"0":"post-4340","1":"product","2":"type-product","3":"status-publish","4":"has-post-thumbnail","6":"product_cat-kontejnerji","8":"first","9":"instock","10":"sale","11":"virtual","12":"purchasable","13":"product-type-simple"},"_links":{"self":[{"href":"https:\/\/hosekra.com\/outlet\/wp-json\/wp\/v2\/product\/4340","targetHints":{"allow":["GET"]}}],"collection":[{"href":"https:\/\/hosekra.com\/outlet\/wp-json\/wp\/v2\/product"}],"about":[{"href":"https:\/\/hosekra.com\/outlet\/wp-json\/wp\/v2\/types\/product"}],"version-history":[{"count":1,"href":"https:\/\/hosekra.com\/outlet\/wp-json\/wp\/v2\/product\/4340\/revisions"}],"predecessor-version":[{"id":4347,"href":"https:\/\/hosekra.com\/outlet\/wp-json\/wp\/v2\/product\/4340\/revisions\/4347"}],"wp:featuredmedia":[{"embeddable":true,"href":"https:\/\/hosekra.com\/outlet\/wp-json\/wp\/v2\/media\/4341"}],"wp:attachment":[{"href":"https:\/\/hosekra.com\/outlet\/wp-json\/wp\/v2\/media?parent=4340"}],"wp:term":[{"taxonomy":"product_brand","embeddable":true,"href":"https:\/\/hosekra.com\/outlet\/wp-json\/wp\/v2\/product_brand?post=4340"},{"taxonomy":"product_cat","embeddable":true,"href":"https:\/\/hosekra.com\/outlet\/wp-json\/wp\/v2\/product_cat?post=4340"},{"taxonomy":"product_tag","embeddable":true,"href":"https:\/\/hosekra.com\/outlet\/wp-json\/wp\/v2\/product_tag?post=4340"}],"curies":[{"name":"wp","href":"https:\/\/api.w.org\/{rel}","templated":true}]}}